 - 5*y + f. Calculate the highest common factor of y and 7.
7
Suppose 2*j - 7 = -l, -j - 4 + 2 = -5*l. Let f be l*(88 + -4) - (-1 - -1). Calculate the greatest common factor of f and 21.
21
Suppose 12*o + 0*o = 576. Let c(i) = i + 9. Let k be c(-6). Suppose 352 = k*z + 2*f, 2*z - 325 + 89 = -f. What is the greatest common factor of o and z?
24
Let s(d) = 2*d + 17. Let o(p) = -4*p - 39. Let x be o(-9). Let v be s(x). What is the highest common divisor of v and 55?
11
Let f = 788 - 598. Suppose 4*n = 25 + 127. Calculate the highest common divisor of f and n.
38
Suppose q = 6*q - 40. Let g be 310/q + (-3)/4. Let b = g + -25. What is the highest common divisor of b and 143?
13
Let w = -4 + 8. Suppose w*q + 11 = 5*q. Let r = 220 + -132. What is the highest common factor of q and r?
11
Suppose -2*c + 2*y - 2 = 0, -5*c + 0*c = y + 11. Let s be (-10)/3*39/c. Suppose -v - 1 = -27. What is the greatest common divisor of s and v?
13
Let p be (-8)/12*54/4. Let c be 20/6 + 3/p. Let n(t) = 36*t**2 - 2*t - 3. Let q be n(c). What is the highest common divisor of q and 35?
35
Let q(o) = o**3 + 14*o**2 - o - 9. Let k be q(-14). Suppose r - 8 = -2*y + 22, -y - k*r = -24. What is the highest common divisor of y and 126?
14
Suppose 2*a - 8*a - 48 = 0. Let k = a + -2. Let b be k/50 + (-141)/(-5). What is the greatest common divisor of 7 and b?
7
Let s(n) = -12*n**2 - 1. Let z be s(-5). Let k = -112 - z. Let m = k - 109. What is the greatest common factor of m and 16?
16
Let r be (96/64)/((-3)/(-4)). Let t be 48/(-6)*(-5)/r. What is the highest common factor of 80 and t?
20
Suppose -27 = -q - 2*q. Let y(a) = -a**3 + 25*a**2 - 15*a - 99. Let u be y(24). Calculate the highest common divisor of q and u.
9
Let d = -38 + 78. Let s(p) = -p**2 - 9*p + 3. Let y be s(-9). Suppose -y*f + d = -f. What is the highest common factor of 80 and f?
20
Let w(l) = 4*l**2 + 4*l + 1. Let z be w(-4). Let q(f) = -f**2 - f + 13. Let s be q(0). Let x = s - 6. Calculate the greatest common factor of x and z.
7
Let p(h) = 18*h - 1. Let g be p(2). Calculate the greatest common divisor of g and 280.
35
Let l be 1*-4*(-3 - (-185)/(-20)). What is the highest common divisor of l and 14?
7
Let f(c) = c**2 + 5. Let l be f(5). Suppose -3*k + 12 = -7*k. Let x be 1*13 + 3/k. Calculate the greatest common factor of l and x.
6
Let k be (332/(-415))/(((-4)/(-110))/(-2)). What is the greatest common factor of k and 44?
44
Let r be (-6 - -19)*5/1. What is the highest common divisor of r and 40?
5
Let t be (-1141)/(-161) + (-4)/46. Calculate the greatest common factor of 301 and t.
7
Suppose -3*s = -12 - 15. Suppose 36 = 88*q - 87*q. What is the greatest common divisor of s and q?
9
Suppose 25 = 6*n - 323. Let h = -16 + n. Calculate the greatest common divisor of h and 168.
42
Suppose -7*x - 6 = -34. Suppose 0 = -o - 0 + x. Calculate the greatest common factor of o and 4.
4
Suppose -12*l + 73 + 251 = 0. Calculate the greatest common factor of 72 and l.
9
Suppose 0 = -2*i + 28 - 18. Calculate the highest common divisor of 135 and i.
5
Suppose -79*j + 74*j - 80 = 0. Suppose -11 + 1 = -5*w. Let m be (-2)/w*(j - -9). What is the highest common divisor of m and 21?
7
Let m be (((-9)/(-2))/(-3))/(41/(-820)). Let s be ((-8)/3)/(2/(-15)). Calculate the greatest common factor of s and m.
10
Suppose 0 = y - 2*v - 1284, -5*y + 535 + 5871 = -3*v. What is the highest common factor of y and 80?
80
Let p be -30*(25/(-10) - -3 - 1). Calculate the greatest common factor of p and 25.
5
Suppose -3*d + 2*f + 351 = 0, 4*d + 6*f = 3*f + 468. Calculate the greatest common factor of 26 and d.
13
Let p(u) = 3*u**2 + u. Let r be p(1). Let x(z) = -2 - r*z**3 - 2*z**2 - 7*z + 4*z + 3*z**3. Let m be x(-3). Calculate the highest common factor of 2 and m.
2
Suppose 2*h = 4*h, 0 = -w - h + 8. Suppose 0 = -5*a + 17 + w. Suppose 4*n + a*z = 3*n - 11, 2*n + 5*z = 3. What is the highest common factor of n and 56?
14
Let r(l) = l**2 - 2*l + 6. Let x be r(4). Suppose y - 26 = 258. Suppose 4*k - y = 2*q, -8*k + 4*k - q + 278 = 0. What is the highest common factor of x and k?
14
Let g(i) = 3*i**3 + 37*i**2 + 15*i + 128. Let c be g(-12). Let d = 30 + -7. Calculate the highest common divisor of d and c.
23
Let f(h) = -h**2 + 17*h + 67. Let r be f(20). Let g = -5 - -12. Calculate the greatest common divisor of g and r.
7
Suppose 0 = 56*v - 27*v - 20010. What is the highest common divisor of v and 120?
30
Suppose 20 = 5*f, -d + 5*f + 37 = -0. Calculate the highest common factor of d and 19.
19
Suppose -5*v - 2*a + 90 = 0, -6*a + 5*a - 72 = -4*v. Calculate the greatest common factor of 522 and v.
18
Let o = -17 + -43. Let p = 72 + o. What is the greatest common factor of 18 and p?
6
Let l = 57 + -57. Let c be 10 + 3 - l/((-1)/1). Calculate the highest common divisor of c and 13.
13
Let d = 4 - 3. Let h(p) = -3*p + 13. Let y be h(0). Let g = y + -5. What is the greatest common divisor of d and g?
1
Let s(r) = -9*r - 25. Let v be s(-4). Calculate the greatest common divisor of v and 8.
1
Let d = -9 + 9. Suppose -t - 3*o + 22 = -d*o, 4*o = t - 1. Suppose 3*r + 5*y - 365 = 0, -7 = y - 2. Calculate the greatest common factor of t and r.
13
Let m be (2 + 0)*-1 + 119. Let p(j) = j**2 + 13. Let k be p(0). Calculate the highest common factor of k and m.
13
Suppose 0 = 11*p - 6*p - 10. Let y be (-98)/(-5) - p/(-5). What is the highest common factor of 50 and y?
10
Let g = 36 + -22. Let w(t) = 2*t - 11. Let b be w(9). Calculate the greatest common divisor of b and g.
7
Let t = 1269 - 1185. What is the highest common factor of t and 30?
6
Let g = 233 + -193. Calculate the highest common divisor of g and 780.
20
Let p = 237 - 230. Let w = 10 - 3. Calculate the greatest common divisor of w and p.
7
Let s(z) = 8*z**2 + 10*z**2 - 19*z**2 - 15 + 20*z. Let b be s(18). Calculate the highest common divisor of b and 21.
21
Let l(f) = -f**3 + 10*f**2 + 20*f + 58. Let k be l(12). Calculate the highest common factor of k and 730.
10
Let y be 2/4 + (-42)/(-4). Let w = 5056 - 5045. What is the greatest common factor of y and w?
11
Let f be 2 + (0 - 0) + 38. Let p be (36/(-8))/(6/16). Let r(u) = -u**3 - 14*u**2 - 24*u + 20. Let w be r(p). Calculate the highest common divisor of f and w.
20
Suppose -46 + 12 = -2*t. Let a(g) = -187*g**3. Let o be a(-1). What is the highest common factor of t and o?
17
Let i(h) = 18*h - 16. Let w be i(4). Calculate the greatest common factor of 140 and w.
28
Let w(p) = -28*p + 15. Let i be w(-2). Suppose -l - i = -73. Suppose 0*y + 14 = -3*y - 4*q, 2*y = -q - 1. What is the greatest common divisor of l and y?
2
Suppose 0 = 3*v - 6, 1420 = 5*p + 4*v + v. Let t be (2 + p/(-18))/((-1)/24). Calculate the greatest common divisor of t and 41.
41
Let q be -12*(-7)/((-84)/64). Let d(l) = -l**2 + 6*l + 9. Let w be d(7). Let t = w - q. What is the highest common factor of 11 and t?
11
Suppose -3*q - 5*k = -48 - 80, -3*q - 3*k + 120 = 0. Calculate the greatest common divisor of q and 387.
9
Let d(j) = j**2 - 2*j + 5. Let t be d(2). Suppose -3*i + 84 = 4*w, -118 = -t*w + 2*i + 10. What is the highest common factor of 12 and w?
12
Suppose 2*y - 16 = -2*y. Let t be (y - 1) + (6 - -6). Let n be 25/t - (-4)/(-6). What is the greatest common divisor of n and 5?
1
Let a = 1643 + -1625. Let y be 12 + 1 - 1/1. Calculate the highest common divisor of y and a.
6
Let z(r) = -r**3 + 9*r**2 - 9*r + 4. Let y be z(6). Let h be (-11)/(-22) - 114/(-4). Calculate the highest common factor of h and y.
29
Let u(s) = -7*s - 188. Let z be u(-36). Suppose 5*g - 216 = -j - 61, 0 = -j - 3*g + 157. Calculate the greatest common divisor of z and j.
32
Let v = 14 - 14. Suppose v*t = 5*t - 700. Suppose 5*p - t = 4*l + l, 2*l = 3*p - 86. What is the highest common divisor of 210 and p?
30
Suppose -4*m + h + 292 = 97, 2*m - 101 = -3*h. Calculate the highest common divisor of 49 and m.
49
Suppose 5*b = -2*j - 175, j + b = 5*b - 81. Let x = -22 - j. Calculate the highest common factor of 7 and x.
7
Let a(c) be the third derivative of c**6/120 + 7*c**5/60 - c**4/6 - 31*c**3/6 + 37*c**2. Let v be a(-5). Calculate the highest common divisor of 351 and v.
39
Suppose -5*a + 2917 = -328. Calculate the highest common factor of 11 and a.
11
Let u(x) = 2*x**2 + 3. Let a be u(-6). Let q = 2948 + -